Let n = -378 - -257. Let b = -113 - n. Suppose 2*u = b*u - 18. Give r(u).
13
Let m(q) = 2049*q**3 + 19 + 2035*q**3 + 15*q**2 - 15*q - 4085*q**3. Determine m(14).
5
Let g be 75 + -6 + 0/1. Suppose -4*p - 89 + g = 0. Let n(y) be the third derivative of -y**4/12 - y**3/2 - y**2. Give n(p).
7
Let z(y) = 4 - 3287358*y**2 + 6574725*y**2 - 3*y - 3287366*y**2. Let r be 4/(-8) + (-14)/(-4). Give z(r).
4
Let q(v) = -3*v**3 - 91*v**2 + 26*v + 26. Let y(b) = -b**3 - 39*b**2 + 13*b + 12. Let k(h) = 2*q(h) - 5*y(h). Calculate k(12).
-20
Let g(z) = -39. Let f(y) = y - 18. Let x(o) = 10*f(o) - 6*g(o). Let s be x(-5). Let d(q) = -10*q + 5. Determine d(s).
-35
Let w(o) = 51*o + 301. Let l be w(-6). Let k(p) = -p**3 - 3*p**2 + 7*p - 2. Calculate k(l).
13
Suppose -2*p + 7*a - 5*a = 10, -23 = 4*p - 5*a. Let x(m) = -11*m**3 - m**2 + 4*m + 1. Determine x(p).
77
Let o(z) = -4*z + 3. Suppose 1 = -36*k + 44*k - 7. What is o(k)?
-1
Suppose -4*r - 42 = -2*x - 0*r, -2*x - 3*r + 7 = 0. Let j(s) = -x - 3*s + 6*s + 12. Calculate j(8).
25
Let k = 13893 + -13894. Suppose 4*g = -5*r + 14, -r = -2*r - 2. Let u(i) = -1 + 2 - g*i - 2*i - 2. Determine u(k).
7
Let r(o) = 2*o**2 - 2*o + 1. Suppose 4*h = -0*h + 184. Let d = h - 50. Let c = -3 - d. Calculate r(c).
1
Let j be (1 + 1 + -6)/(-16 + 12). Let s(y) = -j - 3*y - 7*y**2 + 2*y + 10*y**2. Calculate s(-2).
13
Let t = -2 - -3. Let f(m) = -13 + t - 2*m + m. Let w(y) = 911*y - 20048. Let v be w(22). Give f(v).
-6
Let w = 298489/12 - 24874. Let n(q) be the second derivative of 3/2*q**2 - w*q**4 + 9*q + 0 - 5/6*q**3. Determine n(-6).
-3
Let q(u) = 42*u + 3 - 70*u + 38 - 36*u**2 + 34*u + 35*u**2. Calculate q(0).
41
Let k = -9759 + 9765. Let s(x) = 18*x - 111. Give s(k).
-3
Let b(a) = a**2 - 23*a + 107. Let m be b(17). Suppose -m*r - 5 = -7*x + 2*x, -3*r = -4*x - 1. Let n(l) = -l**2 - 6*l - 6. Determine n(x).
2
Let i(d) = -2*d**2 - d + 16. Suppose -11*a + 73 = -129*a - 753. What is i(a)?
-75
Let y(m) = 1067*m + 41 - 4 + 1066*m + 1073*m - 3208*m. Determine y(5).
27
Let j(d) = -6*d - 1. Let z(m) = -m**2 - 11*m - 2. Let h be -4 - 10/(-2)*-6. Let a = 23 + h. Let p be z(a). What is j(p)?
11
Let m(t) = 40*t - 44. Let k(v) = 133*v - 133. Let f(y) = 3*k(y) - 10*m(y). What is f(13)?
28
Let p(y) = 19*y**2 - 1. Let h be 2 - (2 - 3) - 15. Let j(m) = m**2 + 15*m + 21. Let c be j(h). Let s = 16 + c. Determine p(s).
18
Let g be 8/(-10)*10/(-4). Suppose -5*t - 2*b = -b - 114, 45 = g*t + b. Let h(x) = t + x + 26 - 60 + 18. Calculate h(6).
13
Let q(d) = -3*d + 43. Let p(w) = 11*w - 130. Let c(a) = 5*p(a) + 16*q(a). Calculate c(-5).
3
Let u(f) = 5*f**3 + 15*f**2 + 17*f - 21. Let w(q) = 12*q**3 + 27*q**2 + 33*q - 42. Let r(k) = -5*u(k) + 2*w(k). What is r(-20)?
1
Let h = -14094 + 28189/2. Let u(d) be the first derivative of h*d**2 + 12 - 6*d. Calculate u(-6).
-12
Let s(p) = 3*p**3 + 13*p**2 - 5*p + 6. Let j be (-5)/(-15 + 4 - -12). Give s(j).
-19
Let g(m) = m**3 + 7*m**2 - 8*m + 8. Suppose -2*n + 14 = 5*j, -3*n - 2*j = -3*j + 30. Calculate g(n).
8
Let i be 1360/25 - ((-6)/10 - 0). Let t = -55 + i. Suppose 0 = -5*c + 5*h + 40, t*c - 4*h = -5*c + 39. Let g(s) = s**3 - 8*s**2 + 7*s + 5. What is g(c)?
5
Let r(x) = 5*x**3 + 2*x**2 + 4*x + 8. Let m(y) = 2*y**3 + y**2 + y - 1. Let k(o) = -3*m(o) + r(o). Give k(-3).
26
Let i(c) be the third derivative of -c**6/120 - 7*c**5/30 - 13*c**4/24 - 7*c**3/6 - 2*c**2 + 36*c. Give i(-13).
-7
Let l(a) = 16*a**2 + 12*a - 81. Let x(y) = 7*y**2 + 6*y - 40. Let r(n) = 6*l(n) - 14*x(n). What is r(-10)?
-6
Let j(o) = o**2 + 37*o + 73. Let g be j(-35). Let t(d) be the second derivative of -d**4/12 + d**3/2 + d**2 + 53*d. Give t(g).
2
Let w be (-4)/(-3) + 936/(-702). Let m(r) = -r**3 - r**2 + 4*r - 1. Give m(w).
-1
Suppose 0 = 5*n - 17 + 47. Let g be 24/(-56) - (1416/28)/n. Let v(s) = -3*s + 6. Give v(g).
-18
Let g(l) = -l**2 - 4*l + 9. Let j be g(-5). Suppose -3*c - 3*f + j*f = -1, -5*c + 1 = -f. Let n(k) = c*k + k**2 + 13 - 7 - 5*k. What is n(4)?
2
Let l(u) = 10 - 20*u**3 - 11*u**2 - 7*u**3 + 7*u + 28*u**3 + 2*u. Determine l(10).
0
Let j(a) = -a + 22. Let y be j(17). Suppose -d = -2 + y. Let z(o) be the first derivative of o**4/4 + 2*o**3/3 - o**2/2 + 2*o - 31. Determine z(d).
-4
Suppose 164 + 96 = -52*p. Let b be 2 + p + 78/13. Let l(g) = 3*g. Determine l(b).
9
Let g(c) = -68 + 132 - 4*c**2 - 2*c**2 + 7*c + 0*c**3 + c**3 - 68. Let h(j) = j**3 - 3*j**2 - 2*j - 4. Let a be h(4). Calculate g(a).
-8
Let q(n) = 26*n + 20. Let f(i) = -8*i - 7. Let d(k) = -10*f(k) - 3*q(k). Calculate d(0).
10
Let v = 137 + -135. Let l(b) = -b + 0*b - 4*b**v + 5*b**2 + 2*b. What is l(-1)?
0
Let f(p) = 3448 + 3497 - 7313 + 8*p + 8*p. Determine f(23).
0
Let x(g) = g**2 - 3*g. Suppose -135*w = -155*w + 60. Calculate x(w).
0
Let h(q) be the second derivative of -q**3/3 + 37*q**2/2 - 6*q. Let d be h(17). Let g(n) = n + 1. Let v(t) = -4*t - 9. Let p(i) = 5*g(i) + v(i). Calculate p(d).
-1
Suppose -10 = c + 5*s, -65 + 91 = 4*c - 2*s. Let g(v) = -12*v + 3. Calculate g(c).
-57
Let h be ((-8370)/(-105))/((-6)/(-21)). Let y be (4/14 - h/217)*7. Let v(p) = -p - 9. Give v(y).
-2
Let h(i) be the third derivative of -i**4/8 + 2*i**3/3 - 2*i**2 - 10. Let a be (5/2)/((-8)/16). What is h(a)?
19
Suppose 2*w - 5*p = -3*w + 1040, 5*w = 2*p + 1034. Suppose -w*q = -204*q. Let g(d) = -d**3 - d + 2. What is g(q)?
2
Suppose -2*u = 1 - 3, 0 = 5*h + 4*u - 4. Suppose 0 = -o, 0 = 4*a - h*a + 5*o - 8. Let g(z) = z + 2*z**a - 3*z**2 + 6*z**2 + 0*z**2. Determine g(-1).
4
Suppose -l + 3*t = -11, 4 = -3*l - 2*t + 15. Let v(x) = -4*x - 13. Let o(w) = -3*w - 9. Let q(b) = -7*o(b) + 5*v(b). Determine q(l).
3
Let o(d) = 4*d**2 - 4 + 8*d - 4*d**2 + 0 - 2*d**2. Let c = 1795 + -1792. Calculate o(c).
2
Let k = -649 - -655. Let w(s) be the second derivative of -7/12*s**4 + s**3 + 12*s + 1/20*s**5 + 1/2*s**2 + 0. Calculate w(k).
1
Let t = -17 - -40. Let d be 78/(-12) + 6 + t/2. Let i(w) = w**2 + d + 0 + 4 - 17. What is i(-2)?
2
Let a(w) = -w**2 - 7*w - 5. Suppose -3*j + 4*b + 21 = 0, 3*b + 6 = -0*j - j. Suppose -m + 4*o = j*o - 37, -5*o + 225 = 5*m. Let x = m - 47. Determine a(x).
1
Let j(h) = -1224*h + 7338. Let y be j(6). Let x(p) = -p**2 - 12*p - 4. Give x(y).
32
Let b(y) = 16*y**3 + 11*y**2 - y - 29. Let k(p) = -3*p**3 - 2*p**2 + 6. Let o(v) = 2*b(v) + 11*k(v). What is o(0)?
8
Suppose 5*b - 25*p + 6 = 28*p - 50*p, -3 = p. Let c(k) = 4 - 2*k + 3*k**2 + 3*k**3 - k**3 + 0*k**3. Give c(b).
-17
Let u(q) = 22*q**3 + q**2 + 2*q + 1. Let w(v) = -v**3 + v. Let z(g) = 14*g**2 + 13*g - 7. Let i(x) = -2*w(x) + z(x). Let t be i(-6). Determine u(t).
-22
Let t be (-7)/(-7)*3*1. Let d(c) = c**3 + 12*c**2 - 27*c + 19. Let s be d(-14). Let z(j) = s - t*j + j + j + 3. Determine z(0).
8
Let s(n) be the third derivative of n**6/120 - 7*n**5/60 - n**4/3 + 4*n**3/3 + 351*n**2 - 13*n. Let c(z) = 2*z**2 - 4*z + 2. Let d be c(3). What is s(d)?
8
Let u(b) = -24 + 12*b**3 - 19*b + 52*b - 5*b**2 + 8*b**3 + 14*b**3 - 35*b**3. What is u(-9)?
3
Let s(y) = 2*y**2 + y - 1. Let g(f) = -f**3 + 7*f**2 + 9*f - 4. Let u(v) = g(v) - 5*s(v). Suppose -b = 18 - 3. Let i = b + 12. Calculate u(i).
-11
Suppose 17 = 3*g - 4*g - 3*c, 47 = -4*g - 5*c. Suppose 2*k + 10 = a, 4*k = -a - 5 - 9. Let d(w) = -3 - 2 + 3 + a*w - w. Give d(g).
-10
Let l(v) = -2*v**2 - 6*v - 4. Let x be l(-2). Let t(n) = -n**2 + 4*n + 7. Let i be t(x). Let m(y) = 272*y - 277*y + y**2 + 3 - i. Calculate m(6).
2
Let u(p) = -40*p**2 + 3*p - 1. Let c(h) = -h**3 + 21*h**2 + 313*h - 92. Let k be c(31). Calculate u(k).
-38
Let d(t) be the third derivative of -t**6/120 - t**5/20 + 5*t**4/12 + t**3 + 75*t**2 - 2*t. Let y be 357/(-84) + (-3)/4 + 0. What is d(y)?
6
Let d(g) = g**2 - 22*g + 43. Suppose -51*l + 1257 = 191 - 5. Give d(l).
22
Suppose 4*y + 4*x + 60 = 0, -12 - 6 = 3*x. Let m(a) = 2*a**2 + 9*a + 2. Give m(y).
83
Let l(u) be the second derivative of u**4/12 + 2*u**3/3 - 7*u**2/2 - 1912*u. What is l(8)?
89
Let a(m) = -522*m + 32 + 1061*m - 537*m. Determine a(-13).
6
Let p(z) = -41*z**2 - 17*z - 71. Let q(d) = -143*d**2 - 50*d - 212. Let f(c) = 7*p(c) - 2*q(c). What is f(-12)?
11
Let s be -4*(-19 + (-3255)/(-168))*(3 + 13/(-3)). Let a(g) = -4 + 6*g + 4 - 5. Calculate a(s).
7
Let r(z) = 9*z + 59. Let f be r(0). Let v(n) = 48 + 107*n - 52*n - f*n. Give v(11).
4
Let n(l) =